ided by 65?
62
Calculate the remainder when 53652 is divided by 5960.
12
Calculate the remainder when 90679 is divided by 99.
94
Calculate the remainder when 29838 is divided by 328.
318
Calculate the remainder when 64635 is divided by 68.
35
Calculate the remainder when 23064 is divided by 11488.
88
What is the remainder when 212441 is divided by 23604?
5
What is the remainder when 552 is divided by 276?
0
What is the remainder when 103788 is divided by 276?
12
What is the remainder when 362 is divided by 40?
2
What is the remainder when 1411 is divided by 1329?
82
What is the remainder when 13379 is divided by 45?
14
What is the remainder when 5200 is divided by 1787?
1626
What is the remainder when 7792 is divided by 39?
31
Calculate the remainder when 213971 is divided by 15.
11
What is the remainder when 598 is divided by 38?
28
Calculate the remainder when 422914 is divided by 58.
36
Calculate the remainder when 204048 is divided by 687.
9
Calculate the remainder when 362 is divided by 72.
2
Calculate the remainder when 59208 is divided by 636.
60
Calculate the remainder when 6379 is divided by 1594.
3
What is the remainder when 16698 is divided by 46?
0
What is the remainder when 917 is divided by 11?
4
Calculate the remainder when 606719 is divided by 640.
639
Calculate the remainder when 11693 is divided by 450.
443
Calculate the remainder when 21537 is divided by 359.
356
What is the remainder when 32724 is divided by 327?
24
Calculate the remainder when 10521 is divided by 121.
115
Calculate the remainder when 465 is divided by 27.
6
What is the remainder when 167773 is divided by 18641?
4
Calculate the remainder when 43728 is divided by 1825.
1753
What is the remainder when 57269 is divided by 159?
29
Calculate the remainder when 1100 is divided by 234.
164
Calculate the remainder when 3921 is divided by 559.
8
Calculate the remainder when 2553840 is divided by 766.
762
Calculate the remainder when 7007 is divided by 586.
561
Calculate the remainder when 5788911 is divided by 642.
639
Calculate the remainder when 80437 is divided by 11490.
7
What is the remainder when 646 is divided by 295?
56
Calculate the remainder when 34115 is divided by 359.
10
Calculate the remainder when 2657 is divided by 339.
284
What is the remainder when 238468 is divided by 59610?
28
Calculate the remainder when 59577 is divided by 36.
33
What is the remainder when 59233 is divided by 251?
248
Calculate the remainder when 265370 is divided by 11537.
19
What is the remainder when 882 is divided by 193?
110
Calculate the remainder when 1862 is divided by 692.
478
What is the remainder when 8392 is divided by 8125?
267
Calculate the remainder when 114366 is divided by 2599.
10
Calculate the remainder when 16668 is divided by 1649.
178
Calculate the remainder when 639 is divided by 582.
57
What is the remainder when 74088 is divided by 540?
108
Calculate the remainder when 3410 is divided by 1699.
12
Calculate the remainder when 66609 is divided by 21.
18
Calculate the remainder when 475484 is divided by 13.
9
What is the remainder when 1261 is divided by 629?
3
What is the remainder when 29945 is divided by 9936?
137
What is the remainder when 35953 is divided by 19?
5
What is the remainder when 8500 is divided by 1067?
1031
Calculate the remainder when 53994 is divided by 17996.
6
Calculate the remainder when 358500 is divided by 51214.
2
Calculate the remainder when 7156 is divided by 1425.
31
What is the remainder when 760376 is divided by 16?
8
Calculate the remainder when 1234001 is divided by 462.
461
Calculate the remainder when 6540731 is divided by 11.
10
Calculate the remainder when 9325 is divided by 105.
85
What is the remainder when 31326 is divided by 71?
15
Calculate the remainder when 5078 is divided by 332.
98
What is the remainder when 109237 is divided by 199?
185
Calculate the remainder when 19831 is divided by 16.
7
What is the remainder when 3218 is divided by 3065?
153
What is the remainder when 3951 is divided by 84?
3
Calculate the remainder when 69056 is divided by 934.
874
What is the remainder when 8187 is divided by 41?
28
What is the remainder when 3340 is divided by 3?
1
What is the remainder when 80765 is divided by 577?
562
What is the remainder when 221374 is divided by 24?
22
Calculate the remainder when 245 is divided by 215.
30
Calculate the remainder when 39046 is divided by 64.
6
Calculate the remainder when 688638 is divided by 38.
2
Calculate the remainder when 396156 is divided by 79229.
11
What is the remainder when 25767 is divided by 173?
163
Calculate the remainder when 169326 is divided by 358.
350
What is the remainder when 250845 is divided by 796?
105
What is the remainder when 1401 is divided by 998?
403
What is the remainder when 137754 is divided by 41?
35
What is the remainder when 172058 is divided by 726?
722
Calculate the remainder when 32710 is divided by 6513.
145
What is the remainder when 152629 is divided by 22?
15
Calculate the remainder when 21782 is divided by 7259.
5
What is the remainder when 50735 is divided by 906?
905
Calculate the remainder when 18391 is divided by 410.
351
What is the remainder when 11940 is divided by 152?
84
What is the remainder when 54647 is divided by 36?
35
What is the remainder when 2078 is divided by 685?
23
What is the remainder when 35230 is divided by 7046?
0
Calculate the remainder when 1524 is divided by 53.
40
Calculate the remainder when 7412 is divided by 181.
172
Calculate the remainder when 1558 is divided by 78.
76
Calculate the remainder when 4935 is divided by 1476.
507
What is the remainder when 27345 is divided by 27299?
46
What is the remainder when 615 is divided by 72?
39
What is the remainder when 6727 is divided by 662?
107
Calculate the remainder when 19437 is divided by 81.
78
What is the remainder when 90088 is divided by 48?
40
What is the remainder when 4207 is divided by 11?
5
What is the remainder when 48507 is divided by 32?
27
Calculate the remainder when 16546 is divided by 4134.
10
What is the remainder when 43005 is divided by 1602?
1353
Calculate the remainder when 1005 is divided by 110.
15
What is the remainder when 142600 is divided by 154?
150
What is the remainder when 16761 is divided by 2046?
393
Calculate the remainder when 52979 is divided by 3784.
3
Calculate the remainder when 7790 is divided by 9.
5
What is the remainder when 19926 is divided by 4?
2
Calculate the remainder when 204218 is divided by 546.
14
Calculate the remainder when 13145 is divided by 13094.
51
What is the remainder when 1981420 is divided by 72?
52
Calculate the remainder when 171264 is divided by 126.
30
Calculate the remainder when 279751 is divided by 29.
17
Calculate the remainder when 7102 is divided by 2350.
52
Calculate the remainder when 240160 is divided by 60009.
124
What is the remainder when 47621 is divided by 163?
25
Calculate the remainder when 33344 is divided by 585.
584
Calculate the remainder when 300475 is divided by 37.
35
Calculate the remainder when 736 is divided by 472.
264
What is the remainder when 7033 is divided by 1402?
23
Calculate the remainder when 62833 is divided by 191.
185
Calculate the remainder when 147508 is divided by 7023.
25
What is the remainder when 11338 is divided by 1223?
331
Calculate the remainder when 39199 is divided by 431.
409
What is the remainder when 51 is divided by 50?
1
What is the remainder when 15133 is divided by 112?
13
Calculate the remainder when 513243 is divided by 19.
15
What is the remainder when 3784 is divided by 49?
11
Calculate the remainder when 32014 is divided by 2286.
10
What is the remainder when 13532 is divided by 1161?
761
Calculate the remainder when 13328 is divided by 101.
97
What is the remainder when 172965 is divided by 1116?
1101
What is the remainder when 31967 is divided by 2673?
2564
Calculate the remainder when 31635 is divided by 1256.
235
Calculate the remainder when 1808 is divided by 643.
522
Calculate the remainder when 4800 is divided by 49.
47
What is the remainder when 48585 is divided by 34?
33
Calculate the remainder when 182228 is divided by 60734.
26
Calculate the remainder when 23834 is divided by 149.
143
What is the remainder when 151